{"id":2096,"date":"2018-02-07T11:27:04","date_gmt":"2018-02-07T11:27:04","guid":{"rendered":"http:\/\/biscotteslitteraires.com\/2021\/?page_id=2096"},"modified":"2021-08-26T21:37:23","modified_gmt":"2021-08-26T21:37:23","slug":"contes","status":"publish","type":"page","link":"https:\/\/biscotteslitteraires.com\/2021\/contes\/","title":{"rendered":"Contes"},"content":{"rendered":"\t\t<div data-elementor-type=\"wp-page\" data-elementor-id=\"2096\" class=\"elementor elementor-2096\" data-elementor-settings=\"[]\">\n\t\t\t\t\t\t<div class=\"elementor-inner\">\n\t\t\t\t\t\t\t<div class=\"elementor-section-wrap\">\n\t\t\t\t\t\t\t<section class=\"elementor-section elementor-top-section elementor-element elementor-element-29d4320 elementor-section-boxed elementor-section-height-default elementor-section-height-default\" data-id=\"29d4320\" data-element_type=\"section\" id=\"post_header\" data-settings=\"{&quot;background_background&quot;:&quot;classic&quot;}\">\n\t\t\t\t\t\t<div class=\"elementor-container elementor-column-gap-default\">\n\t\t\t\t\t\t\t<div class=\"elementor-row\">\n\t\t\t\t\t<div class=\"elementor-column elementor-col-100 elementor-top-column elementor-element elementor-element-2fd33c9\" data-id=\"2fd33c9\" data-element_type=\"column\">\n\t\t\t<div class=\"elementor-column-wrap elementor-element-populated\">\n\t\t\t\t\t\t\t<div class=\"elementor-widget-wrap\">\n\t\t\t\t\t\t<div class=\"elementor-element elementor-element-1f91607 elementor-widget elementor-widget-text-editor\" data-id=\"1f91607\" data-element_type=\"widget\" data-widget_type=\"text-editor.default\">\n\t\t\t\t<div class=\"elementor-widget-container\">\n\t\t\t\t\t\t\t\t<div class=\"elementor-text-editor elementor-clearfix\">\n\t\t\t\t<h1 style=\"text-align: center;\"><b>Contes<br \/><\/b><\/h1><p style=\"text-align: center;\">A travers monts et vall\u00e9es, savanes et for\u00eats, des confins les plus lointaines jusqu&rsquo;aux tr\u00e9fonds des oc\u00e9ans, nous vous faisons voguer \u00e0 travers les mythes et l\u00e9gendes assaisonn\u00e9s \u00e0 la sauce \u00ab\u00a0Biscottes Litt\u00e9raires\u00a0\u00bb afin de partager avec vous les lois universelles de la vie.<\/p>\t\t\t\t\t<\/div>\n\t\t\t\t\t\t<\/div>\n\t\t\t\t<\/div>\n\t\t\t\t\t\t<\/div>\n\t\t\t\t\t<\/div>\n\t\t<\/div>\n\t\t\t\t\t\t\t\t<\/div>\n\t\t\t\t\t<\/div>\n\t\t<\/section>\n\t\t\t\t<section class=\"elementor-section elementor-top-section elementor-element elementor-element-2b0868a9 elementor-section-boxed elementor-section-height-default elementor-section-height-default\" data-id=\"2b0868a9\" data-element_type=\"section\">\n\t\t\t\t\t\t<div class=\"elementor-container elementor-column-gap-default\">\n\t\t\t\t\t\t\t<div class=\"elementor-row\">\n\t\t\t\t\t<div class=\"elementor-column elementor-col-100 elementor-top-column elementor-element elementor-element-697ceeaf\" data-id=\"697ceeaf\" data-element_type=\"column\">\n\t\t\t<div class=\"elementor-column-wrap elementor-element-populated\">\n\t\t\t\t\t\t\t<div class=\"elementor-widget-wrap\">\n\t\t\t\t\t\t<div class=\"elementor-element elementor-element-4ef56e1e elementor-widget elementor-widget-shortcode\" data-id=\"4ef56e1e\" data-element_type=\"widget\" data-widget_type=\"shortcode.default\">\n\t\t\t\t<div class=\"elementor-widget-container\">\n\t\t\t\t\t<div class=\"elementor-shortcode\"><style type=\"text\/css\">#post-grid-5847 .element_0{display: block;font-size: 21px;line-height: normal;padding: 5px 10px;text-align: left;}#post-grid-5847 .element_1630020739064{font-size:12px;display:block;padding:10px;}#post-grid-5847 .element_1{display: block;font-size: 12px;padding: 5px 10px;text-align: left;}#post-grid-5847 .element_2{display: block;font-size: 15px;font-weight: bold;padding: 0 10px;text-align: right;}#post-grid-5847 .element_0:hover{}#post-grid-5847 .element_1630020739064:hover{}#post-grid-5847 .element_1:hover{}#post-grid-5847 .element_2:hover{}#post-grid-5847 .item{\n\t\t\tbackground:#fff;\n\t\n\t\t\t}<\/style><style type=\"text\/css\">\/*Write your CSS code here*\/<\/style><style type=\"text\/css\">#post-grid-5847 {\n\t\t\tpadding:10px;\n\t\t\tbackground: #fff url() repeat scroll 0 0;\n\t\t}#post-grid-5847 .item .layer-media{overflow: hidden;\n\t\t}@media only screen and (min-width: 1024px ) {#post-grid-5847 .item .layer-media{max-height:206px;}}\n\t\t\n\t\t@media only screen and ( min-width: 768px ) and ( max-width: 1023px ) {#post-grid-5847 .item .layer-media{height:auto}}\n\t\t\n\t\t@media only screen and ( min-width: 320px ) and ( max-width: 767px ) {#post-grid-5847 .item .layer-media{height:auto}}#post-grid-5847 .item{\n\t\tmargin:10px;}@media only screen and (min-width: 1024px ) {#post-grid-5847 .item{height:auto;}}\n\t\n\t@media only screen and ( min-width: 768px ) and ( max-width: 1023px ) {#post-grid-5847 .item{height:auto}}\n\t\n\t@media only screen and ( min-width: 320px ) and ( max-width: 767px ) {#post-grid-5847 .item{height:auto}}\n\t@media only screen and (min-width: 1024px ) {\n\t#post-grid-5847 .item{width:31%}\n\t\n\t}\n\t\n\t@media only screen and ( min-width: 768px ) and ( max-width: 1023px ) {\n\t#post-grid-5847 .item{width:45%}\n\t}\n\t\n\t@media only screen and ( min-width: 320px ) and ( max-width: 767px ) {\n\t#post-grid-5847 .item{width:90%}\n\t}<\/style><div id=\"post-grid-5847\" class=\"post-grid grid\"><div class=\"grid-nav-top\"><\/div><div class=\"grid-items \" id=\"\"><div  class=\"item mix skin even flat conte \"><div class=\"layer-media\"><a href=\"https:\/\/biscotteslitteraires.com\/2021\/le-gentil-et-la-sorciere-myrtille-haho\/\"><img alt=\"\" src=\"https:\/\/biscotteslitteraires.com\/2021\/wp-content\/uploads\/2022\/07\/Screenshot_20220707-232013-187x300.png\" \/><\/a><\/div><div class=\"layer-content\"><div class=\"element element_0 title\"  >\u00ab\u00a0Le gentil et la sorci\u00e8re\u00a0\u00bb Myrtille HAHO.<\/div><div class=\"element element_1630020739064 post_date\"  >7 juillet 2022<\/div><div class=\"element element_1 excerpt\"  >Le gentil traversa monts et vaux, rivi\u00e8res et \u00e2ges. On lui avait pr\u00e9dit cinq jours de marche. Il venait d'en<\/div><a target=\"_parent\" class=\"element element_2 read_more\"  href=\"https:\/\/biscotteslitteraires.com\/2021\/le-gentil-et-la-sorciere-myrtille-haho\/\">Lire la suite<\/a><\/div><\/div><div  class=\"item mix skin odd flat conte \"><div class=\"layer-media\"><a href=\"https:\/\/biscotteslitteraires.com\/2021\/ce-nest-pas-partout-on-fait-ca-myrtille-akofa-haho\/\"><img alt=\"\" src=\"https:\/\/biscotteslitteraires.com\/2021\/wp-content\/uploads\/2021\/12\/Screenshot_20211223-185730-300x187.png\" \/><\/a><\/div><div class=\"layer-content\"><div class=\"element element_0 title\"  >\u00ab\u00a0Ce n&rsquo;est pas partout on fait \u00e7a\u00a0\u00bb Myrtille Akofa HAHO<\/div><div class=\"element element_1630020739064 post_date\"  >23 d\u00e9cembre 2021<\/div><div class=\"element element_1 excerpt\"  >Dodji et Sessi avaient l'habitude de se croiser chaque matin en allant \u00e0 leurs occupations. Les deux tourtereaux se confiaient<\/div><a target=\"_parent\" class=\"element element_2 read_more\"  href=\"https:\/\/biscotteslitteraires.com\/2021\/ce-nest-pas-partout-on-fait-ca-myrtille-akofa-haho\/\">Lire la suite<\/a><\/div><\/div><div  class=\"item mix skin even flat conte \"><div class=\"layer-media\"><a href=\"https:\/\/biscotteslitteraires.com\/2021\/le-reve-du-lepreux-myrtille-haho\/\"><img alt=\"\" src=\"https:\/\/biscotteslitteraires.com\/2021\/wp-content\/uploads\/2020\/12\/XVM0dfd4440-fabe-11e7-9962-196e3970bf6d-300x200.jpg\" \/><\/a><\/div><div class=\"layer-content\"><div class=\"element element_0 title\"  >\u00ab\u00a0Le r\u00eave du l\u00e9preux\u00a0\u00bb, Myrtille HAHO<\/div><div class=\"element element_1630020739064 post_date\"  >23 d\u00e9cembre 2020<\/div><div class=\"element element_1 excerpt\"  >&nbsp; Mon conte vole, roule, court, vole encore puis marche et tombe \u00e0 Gb\u00e8douto. Gb\u00e8douto \u00e9tait un village aussi lointain<\/div><a target=\"_parent\" class=\"element element_2 read_more\"  href=\"https:\/\/biscotteslitteraires.com\/2021\/le-reve-du-lepreux-myrtille-haho\/\">Lire la suite<\/a><\/div><\/div><div  class=\"item mix skin odd flat conte \"><div class=\"layer-media\"><a href=\"https:\/\/biscotteslitteraires.com\/2021\/le-roi-adande-et-sa-derniere-conquete-gildas-zinkpe\/\"><img alt=\"\" src=\"https:\/\/biscotteslitteraires.com\/2021\/wp-content\/uploads\/2020\/12\/downloadfile-4-300x300.jpg\" \/><\/a><\/div><div class=\"layer-content\"><div class=\"element element_0 title\"  >\u00ab\u00a0Le roi Adand\u00e9 et sa derni\u00e8re conqu\u00eate\u00a0\u00bb, Gildas ZINKPE<\/div><div class=\"element element_1630020739064 post_date\"  >2 d\u00e9cembre 2020<\/div><div class=\"element element_1 excerpt\"  >&nbsp; Il \u00e9tait une fois un grand et puissant roi du nom de ADAND\u00c9, un redoutable guerrier, un conqu\u00e9rant craint<\/div><a target=\"_parent\" class=\"element element_2 read_more\"  href=\"https:\/\/biscotteslitteraires.com\/2021\/le-roi-adande-et-sa-derniere-conquete-gildas-zinkpe\/\">Lire la suite<\/a><\/div><\/div><div  class=\"item mix skin even flat conte \"><div class=\"layer-media\"><a href=\"https:\/\/biscotteslitteraires.com\/2021\/agueyovo-et-z%c9%9bnwii-fabroni-bill-yoclounon\/\"><img alt=\"\" src=\"https:\/\/biscotteslitteraires.com\/2021\/wp-content\/uploads\/2020\/11\/hopa-300x151.jpg\" \/><\/a><\/div><div class=\"layer-content\"><div class=\"element element_0 title\"  >\u00ab Agueyovo et Z\u025b\u0301nwii \u00bb, Fabroni Bill YOCLOUNON<\/div><div class=\"element element_1630020739064 post_date\"  >4 novembre 2020<\/div><div class=\"element element_1 excerpt\"  >Mon conte roule, s&rsquo;enroule au bout d&rsquo;une corde puis se d\u00e9roule, se d\u00e9vide pour chuter dans les d\u00e9dales du village<\/div><a target=\"_parent\" class=\"element element_2 read_more\"  href=\"https:\/\/biscotteslitteraires.com\/2021\/agueyovo-et-z%c9%9bnwii-fabroni-bill-yoclounon\/\">Lire la suite<\/a><\/div><\/div><div  class=\"item mix skin odd flat conte \"><div class=\"layer-media\"><a href=\"https:\/\/biscotteslitteraires.com\/2021\/les-larmes-de-la-sirene-gildas-theodore-zinkpe\/\"><img alt=\"\" src=\"https:\/\/biscotteslitteraires.com\/2021\/wp-content\/uploads\/2020\/10\/sir\u00e8ne-300x169.jpg\" \/><\/a><\/div><div class=\"layer-content\"><div class=\"element element_0 title\"  >\u00ab\u00a0Les larmes de la sir\u00e8ne\u00a0\u00bb, Gildas Th\u00e9odore ZINKPE<\/div><div class=\"element element_1630020739064 post_date\"  >10 octobre 2020<\/div><div class=\"element element_1 excerpt\"  >Il \u00e9tait une fois une jeune et belle sir\u00e8ne. Elle \u00e9tait la plus belle des sir\u00e8nes et fille unique de<\/div><a target=\"_parent\" class=\"element element_2 read_more\"  href=\"https:\/\/biscotteslitteraires.com\/2021\/les-larmes-de-la-sirene-gildas-theodore-zinkpe\/\">Lire la suite<\/a><\/div><\/div><div  class=\"item mix skin even flat conte \"><div class=\"layer-media\"><a href=\"https:\/\/biscotteslitteraires.com\/2021\/celle-dont-personne-ne-voulait-myrtille-akofa-haho\/\"><img alt=\"\" src=\"https:\/\/biscotteslitteraires.com\/2021\/wp-content\/uploads\/2020\/08\/une-femme-danse-avec-300x188.jpg\" \/><\/a><\/div><div class=\"layer-content\"><div class=\"element element_0 title\"  >\u00ab\u00a0Celle dont personne ne voulait\u00a0\u00bb, Myrtille Akofa HAHO<\/div><div class=\"element element_1630020739064 post_date\"  >19 ao\u00fbt 2020<\/div><div class=\"element element_1 excerpt\"  >&nbsp; Mon conte prend sa direction, marche, court, vole et atterrit dans une contr\u00e9e non loin d&rsquo;ici. Il y faisait<\/div><a target=\"_parent\" class=\"element element_2 read_more\"  href=\"https:\/\/biscotteslitteraires.com\/2021\/celle-dont-personne-ne-voulait-myrtille-akofa-haho\/\">Lire la suite<\/a><\/div><\/div><div  class=\"item mix skin odd flat conte \"><div class=\"layer-media\"><a href=\"https:\/\/biscotteslitteraires.com\/2021\/la-force-de-lamour-mauricette-sokenou\/\"><img alt=\"\" src=\"https:\/\/biscotteslitteraires.com\/2021\/wp-content\/uploads\/2020\/07\/ba47f66d0c78e46da0d1e2a1b233c23b-200x300.jpg\" \/><\/a><\/div><div class=\"layer-content\"><div class=\"element element_0 title\"  >\u00ab\u00a0la force de l&rsquo;amour\u00a0\u00bb, Mauricette Sok\u00e8nou<\/div><div class=\"element element_1630020739064 post_date\"  >29 juillet 2020<\/div><div class=\"element element_1 excerpt\"  >Il \u00e9tait une fois, dans une contr\u00e9e lointaine, vivaient parmi les villageois deux familles voisines pas comme les autres\u00a0: l\u2019une<\/div><a target=\"_parent\" class=\"element element_2 read_more\"  href=\"https:\/\/biscotteslitteraires.com\/2021\/la-force-de-lamour-mauricette-sokenou\/\">Lire la suite<\/a><\/div><\/div><div  class=\"item mix skin even flat conte \"><div class=\"layer-media\"><a href=\"https:\/\/biscotteslitteraires.com\/2021\/akpedje-lorphelin-paul-akakpo\/\"><img alt=\"\" src=\"https:\/\/biscotteslitteraires.com\/2021\/wp-content\/uploads\/2020\/07\/downloadfile-1-300x200.jpg\" \/><\/a><\/div><div class=\"layer-content\"><div class=\"element element_0 title\"  >\u00ab\u00a0Akp\u00e9dj\u00e9, l\u2019orphelin\u00a0\u00bb, Paul AKAKPO<\/div><div class=\"element element_1630020739064 post_date\"  >22 juillet 2020<\/div><div class=\"element element_1 excerpt\"  >Conte\u00a0: Akp\u00e9dj\u00e9, l\u2019orphelin. Mon conte roule, roule, et tombe dans un village Kp\u00e9lin, o\u00f9 jadis vivaient Akp\u00e9dj\u00e9, un tr\u00e8s beau<\/div><a target=\"_parent\" class=\"element element_2 read_more\"  href=\"https:\/\/biscotteslitteraires.com\/2021\/akpedje-lorphelin-paul-akakpo\/\">Lire la suite<\/a><\/div><\/div><\/div><div class=\"grid-nav-bottom\"><div class=\"pagination dark\"><div class=\"paginate\"><span aria-current=\"page\" class=\"page-numbers current\">1<\/span>\n<a class=\"page-numbers\" href=\"https:\/\/biscotteslitteraires.com\/2021\/wp-json\/wp\/v2\/pages\/2096\/page\/2\/\">2<\/a>\n<a class=\"page-numbers\" href=\"https:\/\/biscotteslitteraires.com\/2021\/wp-json\/wp\/v2\/pages\/2096\/page\/3\/\">3<\/a>\n<span class=\"page-numbers dots\">\u2026<\/span>\n<a class=\"page-numbers\" href=\"https:\/\/biscotteslitteraires.com\/2021\/wp-json\/wp\/v2\/pages\/2096\/page\/7\/\">7<\/a>\n<a class=\"next page-numbers\" href=\"https:\/\/biscotteslitteraires.com\/2021\/wp-json\/wp\/v2\/pages\/2096\/page\/2\/\">Suivant \u00bb<\/a><\/div ><\/div ><\/div><script>\n\t\tjQuery(document).ready(function($)\n\t\t{\n\t\t\t$(\"#post-grid-5847 .layer-media .gallery\").owlCarousel({\n\t\t\t\t\n\t\t\t\titems : 1,\n\n\t\t\t\tnavText : [\"\",\"\"],\n\t\t\t\tautoplay: true,\n\t\t\t\tloop: true,\n\t\t\t\tautoHeight : true,\t\n\t\t\t\tnav : false,\t\n\t\t\t\tdots : false,\t\t\t\t\t\n\t\t\t\t\t\t\t\t\t\t\t\n\t\t\t\t\t\t\t\t\n\t\t\t\t});\n\t\t\n\t\t});<\/script><\/div><\/div>\n\t\t\t\t<\/div>\n\t\t\t\t<\/div>\n\t\t\t\t\t\t<\/div>\n\t\t\t\t\t<\/div>\n\t\t<\/div>\n\t\t\t\t\t\t\t\t<\/div>\n\t\t\t\t\t<\/div>\n\t\t<\/section>\n\t\t\t\t\t\t<\/div>\n\t\t\t\t\t\t<\/div>\n\t\t\t\t\t<\/div>\n\t\t","protected":false},"excerpt":{"rendered":"<p>Contes A travers monts et vall\u00e9es, savanes et for\u00eats, des confins les plus lointaines jusqu&rsquo;aux tr\u00e9fonds des oc\u00e9ans, nous vous faisons voguer \u00e0 travers les mythes et l\u00e9gendes assaisonn\u00e9s \u00e0 la sauce \u00ab\u00a0Biscottes Litt\u00e9raires\u00a0\u00bb afin de partager avec vous les lois universelles de la vie.<\/p>\n","protected":false},"author":1,"featured_media":10113,"parent":0,"menu_order":0,"comment_status":"closed","ping_status":"closed","template":"","meta":[],"yoast_head":"<!-- This site is optimized with the Yoast SEO plugin v19.0 - https:\/\/yoast.com\/wordpress\/plugins\/seo\/ -->\n<title>Contes - Biscottes Litt\u00e9raires<\/title>\n<meta name=\"robots\" content=\"index, follow, max-snippet:-1, max-image-preview:large, max-video-preview:-1\" \/>\n<link rel=\"canonical\" href=\"https:\/\/biscotteslitteraires.com\/2021\/contes\/\" \/>\n<meta property=\"og:locale\" content=\"fr_FR\" \/>\n<meta property=\"og:type\" content=\"article\" \/>\n<meta property=\"og:title\" content=\"Contes - Biscottes Litt\u00e9raires\" \/>\n<meta property=\"og:description\" content=\"Contes A travers monts et vall\u00e9es, savanes et for\u00eats, des confins les plus lointaines jusqu&rsquo;aux tr\u00e9fonds des oc\u00e9ans, nous vous faisons voguer \u00e0 travers les mythes et l\u00e9gendes assaisonn\u00e9s \u00e0 la sauce \u00ab\u00a0Biscottes Litt\u00e9raires\u00a0\u00bb afin de partager avec vous les lois universelles de la vie.\" \/>\n<meta property=\"og:url\" content=\"https:\/\/biscotteslitteraires.com\/2021\/contes\/\" \/>\n<meta property=\"og:site_name\" content=\"Biscottes Litt\u00e9raires\" \/>\n<meta property=\"article:publisher\" content=\"https:\/\/facebook.com\/biscotteslitterairesbenin\" \/>\n<meta property=\"article:modified_time\" content=\"2021-08-26T21:37:23+00:00\" \/>\n<meta property=\"og:image\" content=\"https:\/\/biscotteslitteraires.com\/2021\/wp-content\/uploads\/2021\/08\/elephant-2066383_1920.jpg\" \/>\n\t<meta property=\"og:image:width\" content=\"1920\" \/>\n\t<meta property=\"og:image:height\" content=\"1281\" \/>\n\t<meta property=\"og:image:type\" content=\"image\/jpeg\" \/>\n<meta name=\"twitter:card\" content=\"summary\" \/>\n<script type=\"application\/ld+json\" class=\"yoast-schema-graph\">{\"@context\":\"https:\/\/schema.org\",\"@graph\":[{\"@type\":\"Organization\",\"@id\":\"https:\/\/biscotteslitteraires.com\/2021\/#organization\",\"name\":\"Biscottes Litt\u00e9raires\",\"url\":\"https:\/\/biscotteslitteraires.com\/2021\/\",\"sameAs\":[\"https:\/\/facebook.com\/biscotteslitterairesbenin\"],\"logo\":{\"@type\":\"ImageObject\",\"inLanguage\":\"fr-FR\",\"@id\":\"https:\/\/biscotteslitteraires.com\/2021\/#\/schema\/logo\/image\/\",\"url\":\"https:\/\/biscotteslitteraires.com\/2021\/wp-content\/uploads\/2018\/11\/cropped-LOGO-BL-e1630101307137.jpg\",\"contentUrl\":\"https:\/\/biscotteslitteraires.com\/2021\/wp-content\/uploads\/2018\/11\/cropped-LOGO-BL-e1630101307137.jpg\",\"width\":960,\"height\":960,\"caption\":\"Biscottes Litt\u00e9raires\"},\"image\":{\"@id\":\"https:\/\/biscotteslitteraires.com\/2021\/#\/schema\/logo\/image\/\"}},{\"@type\":\"WebSite\",\"@id\":\"https:\/\/biscotteslitteraires.com\/2021\/#website\",\"url\":\"https:\/\/biscotteslitteraires.com\/2021\/\",\"name\":\"Biscottes Litt\u00e9raires\",\"description\":\"Ici nous voyagerons dans les lignes, explorerons les interlignes.\",\"publisher\":{\"@id\":\"https:\/\/biscotteslitteraires.com\/2021\/#organization\"},\"potentialAction\":[{\"@type\":\"SearchAction\",\"target\":{\"@type\":\"EntryPoint\",\"urlTemplate\":\"https:\/\/biscotteslitteraires.com\/2021\/?s={search_term_string}\"},\"query-input\":\"required name=search_term_string\"}],\"inLanguage\":\"fr-FR\"},{\"@type\":\"ImageObject\",\"inLanguage\":\"fr-FR\",\"@id\":\"https:\/\/biscotteslitteraires.com\/2021\/contes\/#primaryimage\",\"url\":\"https:\/\/biscotteslitteraires.com\/2021\/wp-content\/uploads\/2021\/08\/elephant-2066383_1920.jpg\",\"contentUrl\":\"https:\/\/biscotteslitteraires.com\/2021\/wp-content\/uploads\/2021\/08\/elephant-2066383_1920.jpg\",\"width\":1920,\"height\":1281},{\"@type\":\"WebPage\",\"@id\":\"https:\/\/biscotteslitteraires.com\/2021\/contes\/#webpage\",\"url\":\"https:\/\/biscotteslitteraires.com\/2021\/contes\/\",\"name\":\"Contes - Biscottes Litt\u00e9raires\",\"isPartOf\":{\"@id\":\"https:\/\/biscotteslitteraires.com\/2021\/#website\"},\"primaryImageOfPage\":{\"@id\":\"https:\/\/biscotteslitteraires.com\/2021\/contes\/#primaryimage\"},\"datePublished\":\"2018-02-07T11:27:04+00:00\",\"dateModified\":\"2021-08-26T21:37:23+00:00\",\"breadcrumb\":{\"@id\":\"https:\/\/biscotteslitteraires.com\/2021\/contes\/#breadcrumb\"},\"inLanguage\":\"fr-FR\",\"potentialAction\":[{\"@type\":\"ReadAction\",\"target\":[\"https:\/\/biscotteslitteraires.com\/2021\/contes\/\"]}]},{\"@type\":\"BreadcrumbList\",\"@id\":\"https:\/\/biscotteslitteraires.com\/2021\/contes\/#breadcrumb\",\"itemListElement\":[{\"@type\":\"ListItem\",\"position\":1,\"name\":\"Accueil\",\"item\":\"https:\/\/biscotteslitteraires.com\/2021\/\"},{\"@type\":\"ListItem\",\"position\":2,\"name\":\"Contes\"}]}]}<\/script>\n<!-- \/ Yoast SEO plugin. -->","yoast_head_json":{"title":"Contes - Biscottes Litt\u00e9raires","robots":{"index":"index","follow":"follow","max-snippet":"max-snippet:-1","max-image-preview":"max-image-preview:large","max-video-preview":"max-video-preview:-1"},"canonical":"https:\/\/biscotteslitteraires.com\/2021\/contes\/","og_locale":"fr_FR","og_type":"article","og_title":"Contes - Biscottes Litt\u00e9raires","og_description":"Contes A travers monts et vall\u00e9es, savanes et for\u00eats, des confins les plus lointaines jusqu&rsquo;aux tr\u00e9fonds des oc\u00e9ans, nous vous faisons voguer \u00e0 travers les mythes et l\u00e9gendes assaisonn\u00e9s \u00e0 la sauce \u00ab\u00a0Biscottes Litt\u00e9raires\u00a0\u00bb afin de partager avec vous les lois universelles de la vie.","og_url":"https:\/\/biscotteslitteraires.com\/2021\/contes\/","og_site_name":"Biscottes Litt\u00e9raires","article_publisher":"https:\/\/facebook.com\/biscotteslitterairesbenin","article_modified_time":"2021-08-26T21:37:23+00:00","og_image":[{"width":1920,"height":1281,"url":"https:\/\/biscotteslitteraires.com\/2021\/wp-content\/uploads\/2021\/08\/elephant-2066383_1920.jpg","type":"image\/jpeg"}],"twitter_card":"summary","schema":{"@context":"https:\/\/schema.org","@graph":[{"@type":"Organization","@id":"https:\/\/biscotteslitteraires.com\/2021\/#organization","name":"Biscottes Litt\u00e9raires","url":"https:\/\/biscotteslitteraires.com\/2021\/","sameAs":["https:\/\/facebook.com\/biscotteslitterairesbenin"],"logo":{"@type":"ImageObject","inLanguage":"fr-FR","@id":"https:\/\/biscotteslitteraires.com\/2021\/#\/schema\/logo\/image\/","url":"https:\/\/biscotteslitteraires.com\/2021\/wp-content\/uploads\/2018\/11\/cropped-LOGO-BL-e1630101307137.jpg","contentUrl":"https:\/\/biscotteslitteraires.com\/2021\/wp-content\/uploads\/2018\/11\/cropped-LOGO-BL-e1630101307137.jpg","width":960,"height":960,"caption":"Biscottes Litt\u00e9raires"},"image":{"@id":"https:\/\/biscotteslitteraires.com\/2021\/#\/schema\/logo\/image\/"}},{"@type":"WebSite","@id":"https:\/\/biscotteslitteraires.com\/2021\/#website","url":"https:\/\/biscotteslitteraires.com\/2021\/","name":"Biscottes Litt\u00e9raires","description":"Ici nous voyagerons dans les lignes, explorerons les interlignes.","publisher":{"@id":"https:\/\/biscotteslitteraires.com\/2021\/#organization"},"potentialAction":[{"@type":"SearchAction","target":{"@type":"EntryPoint","urlTemplate":"https:\/\/biscotteslitteraires.com\/2021\/?s={search_term_string}"},"query-input":"required name=search_term_string"}],"inLanguage":"fr-FR"},{"@type":"ImageObject","inLanguage":"fr-FR","@id":"https:\/\/biscotteslitteraires.com\/2021\/contes\/#primaryimage","url":"https:\/\/biscotteslitteraires.com\/2021\/wp-content\/uploads\/2021\/08\/elephant-2066383_1920.jpg","contentUrl":"https:\/\/biscotteslitteraires.com\/2021\/wp-content\/uploads\/2021\/08\/elephant-2066383_1920.jpg","width":1920,"height":1281},{"@type":"WebPage","@id":"https:\/\/biscotteslitteraires.com\/2021\/contes\/#webpage","url":"https:\/\/biscotteslitteraires.com\/2021\/contes\/","name":"Contes - Biscottes Litt\u00e9raires","isPartOf":{"@id":"https:\/\/biscotteslitteraires.com\/2021\/#website"},"primaryImageOfPage":{"@id":"https:\/\/biscotteslitteraires.com\/2021\/contes\/#primaryimage"},"datePublished":"2018-02-07T11:27:04+00:00","dateModified":"2021-08-26T21:37:23+00:00","breadcrumb":{"@id":"https:\/\/biscotteslitteraires.com\/2021\/contes\/#breadcrumb"},"inLanguage":"fr-FR","potentialAction":[{"@type":"ReadAction","target":["https:\/\/biscotteslitteraires.com\/2021\/contes\/"]}]},{"@type":"BreadcrumbList","@id":"https:\/\/biscotteslitteraires.com\/2021\/contes\/#breadcrumb","itemListElement":[{"@type":"ListItem","position":1,"name":"Accueil","item":"https:\/\/biscotteslitteraires.com\/2021\/"},{"@type":"ListItem","position":2,"name":"Contes"}]}]}},"_links":{"self":[{"href":"https:\/\/biscotteslitteraires.com\/2021\/wp-json\/wp\/v2\/pages\/2096"}],"collection":[{"href":"https:\/\/biscotteslitteraires.com\/2021\/wp-json\/wp\/v2\/pages"}],"about":[{"href":"https:\/\/biscotteslitteraires.com\/2021\/wp-json\/wp\/v2\/types\/page"}],"author":[{"embeddable":true,"href":"https:\/\/biscotteslitteraires.com\/2021\/wp-json\/wp\/v2\/users\/1"}],"replies":[{"embeddable":true,"href":"https:\/\/biscotteslitteraires.com\/2021\/wp-json\/wp\/v2\/comments?post=2096"}],"version-history":[{"count":10,"href":"https:\/\/biscotteslitteraires.com\/2021\/wp-json\/wp\/v2\/pages\/2096\/revisions"}],"predecessor-version":[{"id":10114,"href":"https:\/\/biscotteslitteraires.com\/2021\/wp-json\/wp\/v2\/pages\/2096\/revisions\/10114"}],"wp:featuredmedia":[{"embeddable":true,"href":"https:\/\/biscotteslitteraires.com\/2021\/wp-json\/wp\/v2\/media\/10113"}],"wp:attachment":[{"href":"https:\/\/biscotteslitteraires.com\/2021\/wp-json\/wp\/v2\/media?parent=2096"}],"curies":[{"name":"wp","href":"https:\/\/api.w.org\/{rel}","templated":true}]}}