{"id":2572,"date":"2018-02-28T11:58:43","date_gmt":"2018-02-28T11:58:43","guid":{"rendered":"http:\/\/biscotteslitteraires.com\/2021\/?page_id=2572"},"modified":"2021-08-26T09:00:40","modified_gmt":"2021-08-26T09:00:40","slug":"les-nouvelles-en-entier","status":"publish","type":"page","link":"https:\/\/biscotteslitteraires.com\/2021\/les-nouvelles-en-entier\/","title":{"rendered":"Les nouvelles en entier"},"content":{"rendered":"\t\t<div data-elementor-type=\"wp-page\" data-elementor-id=\"2572\" class=\"elementor elementor-2572\" data-elementor-settings=\"[]\">\n\t\t\t\t\t\t<div class=\"elementor-inner\">\n\t\t\t\t\t\t\t<div class=\"elementor-section-wrap\">\n\t\t\t\t\t\t\t<section class=\"elementor-section elementor-top-section elementor-element elementor-element-95b5e3e elementor-section-boxed elementor-section-height-default elementor-section-height-default\" data-id=\"95b5e3e\" data-element_type=\"section\" id=\"post_header\" data-settings=\"{&quot;background_background&quot;:&quot;classic&quot;}\">\n\t\t\t\t\t\t<div class=\"elementor-container elementor-column-gap-default\">\n\t\t\t\t\t\t\t<div class=\"elementor-row\">\n\t\t\t\t\t<div class=\"elementor-column elementor-col-100 elementor-top-column elementor-element elementor-element-d6e3693\" data-id=\"d6e3693\" data-element_type=\"column\">\n\t\t\t<div class=\"elementor-column-wrap elementor-element-populated\">\n\t\t\t\t\t\t\t<div class=\"elementor-widget-wrap\">\n\t\t\t\t\t\t<div class=\"elementor-element elementor-element-378f2e1 elementor-widget elementor-widget-text-editor\" data-id=\"378f2e1\" data-element_type=\"widget\" data-widget_type=\"text-editor.default\">\n\t\t\t\t<div class=\"elementor-widget-container\">\n\t\t\t\t\t\t\t\t<div class=\"elementor-text-editor elementor-clearfix\">\n\t\t\t\t<h1 style=\"text-align: center;\"><b>Les nouvelles en entier<\/b><\/h1><p style=\"text-align: center;\">C&rsquo;est votre rubrique qui vous permet d&rsquo;avoir en un seul article tous les \u00e9pisodes d&rsquo;une nouvelle publi\u00e9e sur le blog.<\/p>\t\t\t\t\t<\/div>\n\t\t\t\t\t\t<\/div>\n\t\t\t\t<\/div>\n\t\t\t\t\t\t<\/div>\n\t\t\t\t\t<\/div>\n\t\t<\/div>\n\t\t\t\t\t\t\t\t<\/div>\n\t\t\t\t\t<\/div>\n\t\t<\/section>\n\t\t\t\t<section class=\"elementor-section elementor-top-section elementor-element elementor-element-943648e elementor-section-boxed elementor-section-height-default elementor-section-height-default\" data-id=\"943648e\" data-element_type=\"section\">\n\t\t\t\t\t\t<div class=\"elementor-container elementor-column-gap-default\">\n\t\t\t\t\t\t\t<div class=\"elementor-row\">\n\t\t\t\t\t<div class=\"elementor-column elementor-col-100 elementor-top-column elementor-element elementor-element-68feb8a\" data-id=\"68feb8a\" data-element_type=\"column\">\n\t\t\t<div class=\"elementor-column-wrap elementor-element-populated\">\n\t\t\t\t\t\t\t<div class=\"elementor-widget-wrap\">\n\t\t\t\t\t\t<div class=\"elementor-element elementor-element-c7f9dd6 elementor-widget elementor-widget-text-editor\" data-id=\"c7f9dd6\" data-element_type=\"widget\" data-widget_type=\"text-editor.default\">\n\t\t\t\t<div class=\"elementor-widget-container\">\n\t\t\t\t\t\t\t\t<div class=\"elementor-text-editor elementor-clearfix\">\n\t\t\t\t<p><style type=\"text\/css\">#post-grid-5844 .element_0{display: block;font-size: 21px;line-height: normal;padding: 5px 10px;text-align: left;}#post-grid-5844 .element_1630020739064{font-size:12px;display:block;padding:10px;}#post-grid-5844 .element_1{display: block;font-size: 12px;padding: 5px 10px;text-align: left;}#post-grid-5844 .element_2{display: block;font-size: 15px;font-weight: bold;padding: 0 10px;text-align: right;}#post-grid-5844 .element_0:hover{}#post-grid-5844 .element_1630020739064:hover{}#post-grid-5844 .element_1:hover{}#post-grid-5844 .element_2:hover{}#post-grid-5844 .item{\n\t\t\tbackground:#fff;\n\t\n\t\t\t}<\/style><style type=\"text\/css\">\/*Write your CSS code here*\/<\/style><style type=\"text\/css\">#post-grid-5844 {\n\t\t\tpadding:10px;\n\t\t\tbackground: #fff url() repeat scroll 0 0;\n\t\t}#post-grid-5844 .item .layer-media{overflow: hidden;\n\t\t}@media only screen and (min-width: 1024px ) {#post-grid-5844 .item .layer-media{max-height:206px;}}\n\t\t\n\t\t@media only screen and ( min-width: 768px ) and ( max-width: 1023px ) {#post-grid-5844 .item .layer-media{height:auto}}\n\t\t\n\t\t@media only screen and ( min-width: 320px ) and ( max-width: 767px ) {#post-grid-5844 .item .layer-media{height:auto}}#post-grid-5844 .item{\n\t\tmargin:35px;}@media only screen and (min-width: 1024px ) {#post-grid-5844 .item{height:auto;}}\n\t\n\t@media only screen and ( min-width: 768px ) and ( max-width: 1023px ) {#post-grid-5844 .item{height:auto}}\n\t\n\t@media only screen and ( min-width: 320px ) and ( max-width: 767px ) {#post-grid-5844 .item{height:auto}}\n\t@media only screen and (min-width: 1024px ) {\n\t#post-grid-5844 .item{width:31%}\n\t\n\t}\n\t\n\t@media only screen and ( min-width: 768px ) and ( max-width: 1023px ) {\n\t#post-grid-5844 .item{width:45%}\n\t}\n\t\n\t@media only screen and ( min-width: 320px ) and ( max-width: 767px ) {\n\t#post-grid-5844 .item{width:90%}\n\t}<\/style><div id=\"post-grid-5844\" class=\"post-grid grid\"><div class=\"grid-nav-top\"><\/div><div class=\"grid-items \" id=\"\"><div  class=\"item mix skin even flat nouvelles-en-entier \"><div class=\"layer-media\"><a href=\"https:\/\/biscotteslitteraires.com\/2021\/la-republique-des-si-une-nouvelle-de-e-a\/\"><img alt=\"\" src=\"https:\/\/biscotteslitteraires.com\/2021\/wp-content\/uploads\/2026\/05\/Copilot_20260507_184123-300x300.png\" \/><\/a><\/div><div class=\"layer-content\"><div class=\"element element_0 title\"  >La R\u00e9publique des \u00ab\u00a0Si\u00a0\u00bb&#8230;, une nouvelle de Elisabeth ALLEN<\/div><div class=\"element element_1630020739064 post_date\"  >7 mai 2026<\/div><div class=\"element element_1 excerpt\"  >Elle avait dix ans quand elle a appris que la peur pouvait avoir une voix d&rsquo;adulte. Une voix calme. Une<\/div><a target=\"_parent\" class=\"element element_2 read_more\"  href=\"https:\/\/biscotteslitteraires.com\/2021\/la-republique-des-si-une-nouvelle-de-e-a\/\">Lire la suite<\/a><\/div><\/div><div  class=\"item mix skin odd flat nouvelles-en-entier nouvelle \"><div class=\"layer-media\"><a href=\"https:\/\/biscotteslitteraires.com\/2021\/une-noel-inhabituel-steve-f\/\"><img alt=\"\" src=\"https:\/\/biscotteslitteraires.com\/2021\/wp-content\/uploads\/2023\/12\/263571348_1596056224077850_1618302336779599361_n-300x201.jpg\" \/><\/a><\/div><div class=\"layer-content\"><div class=\"element element_0 title\"  >\u00a0\u00bb Une No\u00ebl inhabituelle \u00ab\u00a0, Steve F.<\/div><div class=\"element element_1630020739064 post_date\"  >31 d\u00e9cembre 2023<\/div><div class=\"element element_1 excerpt\"  >Robert Lapoisse, le p\u00e8re de Thomas, sortit de sa voiture, empoigna son fils par la main droite et lui tira<\/div><a target=\"_parent\" class=\"element element_2 read_more\"  href=\"https:\/\/biscotteslitteraires.com\/2021\/une-noel-inhabituel-steve-f\/\">Lire la suite<\/a><\/div><\/div><div  class=\"item mix skin even flat nouvelles-en-entier \"><div class=\"layer-media\"><a href=\"https:\/\/biscotteslitteraires.com\/2021\/surprise-ascension-bogniaho\/\"><img alt=\"\" src=\"https:\/\/biscotteslitteraires.com\/2021\/wp-content\/uploads\/2020\/06\/parentsaimants2-1024x683-300x200.jpg\" \/><\/a><\/div><div class=\"layer-content\"><div class=\"element element_0 title\"  >\u00ab\u00a0Surprise\u00a0\u00bb Ascension BOGNIAHO<\/div><div class=\"element element_1630020739064 post_date\"  >18 juin 2020<\/div><div class=\"element element_1 excerpt\"  >Surprise J\u2019ai quatre ans, du moins, il y a seulement quelques jours, j&rsquo;en ai eu quatre. \u00a0Pourtant, des adultes osent<\/div><a target=\"_parent\" class=\"element element_2 read_more\"  href=\"https:\/\/biscotteslitteraires.com\/2021\/surprise-ascension-bogniaho\/\">Lire la suite<\/a><\/div><\/div><div  class=\"item mix skin odd flat nouvelles-en-entier \"><div class=\"layer-media\"><a href=\"https:\/\/biscotteslitteraires.com\/2021\/jour-de-lan-autres-claude-kouassi-oboe\/\"><img alt=\"\" src=\"https:\/\/biscotteslitteraires.com\/2021\/wp-content\/uploads\/2019\/12\/enfants-africains-cours-de-recreation-300x200.jpg\" \/><\/a><\/div><div class=\"layer-content\"><div class=\"element element_0 title\"  >\u00ab\u00a0UN JOUR DE L&rsquo;AN PAS COMME LES AUTRES\u00a0\u00bb Claude Kouassi OBOE<\/div><div class=\"element element_1630020739064 post_date\"  >31 d\u00e9cembre 2019<\/div><div class=\"element element_1 excerpt\"  >Pour les f\u00eates de fin d&rsquo;ann\u00e9e, mes parents nous avaient promis des r\u00e9jouissances jamais organis\u00e9es chez nous. Papa disait qu&rsquo;il<\/div><a target=\"_parent\" class=\"element element_2 read_more\"  href=\"https:\/\/biscotteslitteraires.com\/2021\/jour-de-lan-autres-claude-kouassi-oboe\/\">Lire la suite<\/a><\/div><\/div><div  class=\"item mix skin even flat nouvelles-en-entier \"><div class=\"layer-media\"><a href=\"https:\/\/biscotteslitteraires.com\/2021\/noel-ripailles-et-beuveries\/\"><img alt=\"\" src=\"https:\/\/biscotteslitteraires.com\/2021\/wp-content\/uploads\/2019\/12\/6787f6eb52881cdab11b4a0c5944324c-300x234.jpg\" \/><\/a><\/div><div class=\"layer-content\"><div class=\"element element_0 title\"  >\u00ab\u00a0No\u00ebl, ripailles et beuveries\u00a0\u00bb Destin Mahulolo<\/div><div class=\"element element_1630020739064 post_date\"  >28 d\u00e9cembre 2019<\/div><div class=\"element element_1 excerpt\"  >&nbsp; Il est une occasion dans l\u2019ann\u00e9e, hormis les fun\u00e9railles, o\u00f9 l\u2019alcool coule \u00e0 flots et o\u00f9 les animaux versent<\/div><a target=\"_parent\" class=\"element element_2 read_more\"  href=\"https:\/\/biscotteslitteraires.com\/2021\/noel-ripailles-et-beuveries\/\">Lire la suite<\/a><\/div><\/div><div  class=\"item mix skin odd flat nouvelles-en-entier \"><div class=\"layer-media\"><a href=\"https:\/\/biscotteslitteraires.com\/2021\/moi-aussi-comme-les-autres\/\"><img alt=\"\" src=\"https:\/\/biscotteslitteraires.com\/2021\/wp-content\/uploads\/2019\/12\/Enfant-victime-de-maltraitance-gabonpub-com-274x300.jpg\" \/><\/a><\/div><div class=\"layer-content\"><div class=\"element element_0 title\"  >\u00ab\u00a0Moi aussi comme les autres\u00a0\u00bb, Kouassi Claude OBOE<\/div><div class=\"element element_1630020739064 post_date\"  >27 d\u00e9cembre 2019<\/div><div class=\"element element_1 excerpt\"  >Nouwam\u00e8 n\u2019a pas eu la chance de f\u00eater son 3\u00e8 anniversaire de naissance en ayant sa m\u00e8re \u00e0 ses c\u00f4t\u00e9s.<\/div><a target=\"_parent\" class=\"element element_2 read_more\"  href=\"https:\/\/biscotteslitteraires.com\/2021\/moi-aussi-comme-les-autres\/\">Lire la suite<\/a><\/div><\/div><div  class=\"item mix skin even flat nouvelles-en-entier \"><div class=\"layer-media\"><a href=\"https:\/\/biscotteslitteraires.com\/2021\/le-pantalon-de-paulouvi\/\"><img alt=\"\" src=\"https:\/\/biscotteslitteraires.com\/2021\/wp-content\/uploads\/2019\/12\/1200px-Kaleta-Benin-300x190.jpg\" \/><\/a><\/div><div class=\"layer-content\"><div class=\"element element_0 title\"  >Le pantalon de Paulouvi, Destin Mahulolo<\/div><div class=\"element element_1630020739064 post_date\"  >25 d\u00e9cembre 2019<\/div><div class=\"element element_1 excerpt\"  >Le pantalon de Paulouvi Pour les f\u00eates de fin d\u2019ann\u00e9e, Paulouvi et sa bande \u00ab les petits bougeurs \u00bb avaient<\/div><a target=\"_parent\" class=\"element element_2 read_more\"  href=\"https:\/\/biscotteslitteraires.com\/2021\/le-pantalon-de-paulouvi\/\">Lire la suite<\/a><\/div><\/div><div  class=\"item mix skin odd flat nouvelles-en-entier \"><div class=\"layer-media\"><a href=\"https:\/\/biscotteslitteraires.com\/2021\/a-noel-tout-se-fete\/\"><img alt=\"\" src=\"https:\/\/biscotteslitteraires.com\/2021\/wp-content\/uploads\/2019\/12\/bles-enfants-soutiennent-300x150.jpg\" \/><\/a><\/div><div class=\"layer-content\"><div class=\"element element_0 title\"  >\u00c0 No\u00ebl, tout se f\u00eate<\/div><div class=\"element element_1630020739064 post_date\"  >24 d\u00e9cembre 2019<\/div><div class=\"element element_1 excerpt\"  >\u00a0 Pari gagn\u00e9 pour Gb\u00e8bada. Tout lui souriait en ce mois de d\u00e9cembre o\u00f9 les f\u00eates de fin d&rsquo;ann\u00e9e s&rsquo;annon\u00e7aient<\/div><a target=\"_parent\" class=\"element element_2 read_more\"  href=\"https:\/\/biscotteslitteraires.com\/2021\/a-noel-tout-se-fete\/\">Lire la suite<\/a><\/div><\/div><div  class=\"item mix skin even flat nouvelles-en-entier \"><div class=\"layer-media\"><a href=\"https:\/\/biscotteslitteraires.com\/2021\/noel-biscottes-litteraires-7-noel-petards\/\"><img alt=\"\" src=\"https:\/\/biscotteslitteraires.com\/2021\/wp-content\/uploads\/2017\/12\/gbo.jpg\" \/><\/a><\/div><div class=\"layer-content\"><div class=\"element element_0 title\"  >No\u00ebl avec Biscottes Litt\u00e9raires 7: No\u00ebl en p\u00e9tards<\/div><div class=\"element element_1630020739064 post_date\"  >29 d\u00e9cembre 2017<\/div><div class=\"element element_1 excerpt\"  >No\u00ebl en p\u00e9tards S\u00e9tonou et son fr\u00e8re Vis\u00e9gb\u00e9 \u00e9taient r\u00e9put\u00e9s pour leur turbulence et leur grand amour pour les p\u00e9tards.<\/div><a target=\"_parent\" class=\"element element_2 read_more\"  href=\"https:\/\/biscotteslitteraires.com\/2021\/noel-biscottes-litteraires-7-noel-petards\/\">Lire la suite<\/a><\/div><\/div><\/div><div class=\"grid-nav-bottom\"><div class=\"pagination dark\"><div class=\"paginate\"><span aria-current=\"page\" class=\"page-numbers current\">1<\/span>\n<a class=\"page-numbers\" href=\"https:\/\/biscotteslitteraires.com\/2021\/wp-json\/wp\/v2\/pages\/2572\/page\/2\/\">2<\/a>\n<a class=\"next page-numbers\" href=\"https:\/\/biscotteslitteraires.com\/2021\/wp-json\/wp\/v2\/pages\/2572\/page\/2\/\">Suivant \u00bb<\/a><\/div ><\/div ><\/div><script>\n\t\tjQuery(document).ready(function($)\n\t\t{\n\t\t\t$(\"#post-grid-5844 .layer-media .gallery\").owlCarousel({\n\t\t\t\t\n\t\t\t\titems : 1,\n\n\t\t\t\tnavText : [\"\",\"\"],\n\t\t\t\tautoplay: true,\n\t\t\t\tloop: true,\n\t\t\t\tautoHeight : true,\t\n\t\t\t\tnav : false,\t\n\t\t\t\tdots : false,\t\t\t\t\t\n\t\t\t\t\t\t\t\t\t\t\t\n\t\t\t\t\t\t\t\t\n\t\t\t\t});\n\t\t\n\t\t});<\/script><\/div><\/p>\t\t\t\t\t<\/div>\n\t\t\t\t\t\t<\/div>\n\t\t\t\t<\/div>\n\t\t\t\t\t\t<\/div>\n\t\t\t\t\t<\/div>\n\t\t<\/div>\n\t\t\t\t\t\t\t\t<\/div>\n\t\t\t\t\t<\/div>\n\t\t<\/section>\n\t\t\t\t\t\t<\/div>\n\t\t\t\t\t\t<\/div>\n\t\t\t\t\t<\/div>\n\t\t","protected":false},"excerpt":{"rendered":"<p>Les nouvelles en entier C&rsquo;est votre rubrique qui vous permet d&rsquo;avoir en un seul article tous les \u00e9pisodes d&rsquo;une nouvelle publi\u00e9e sur le blog.<\/p>\n","protected":false},"author":1,"featured_media":9937,"parent":0,"menu_order":0,"comment_status":"closed","ping_status":"closed","template":"","meta":[],"yoast_head":"<!-- This site is optimized with the Yoast SEO plugin v19.0 - https:\/\/yoast.com\/wordpress\/plugins\/seo\/ -->\n<title>Les nouvelles en entier - Biscottes Litt\u00e9raires<\/title>\n<meta name=\"robots\" content=\"index, follow, max-snippet:-1, max-image-preview:large, max-video-preview:-1\" \/>\n<link rel=\"canonical\" href=\"https:\/\/biscotteslitteraires.com\/2021\/les-nouvelles-en-entier\/\" \/>\n<meta property=\"og:locale\" content=\"fr_FR\" \/>\n<meta property=\"og:type\" content=\"article\" \/>\n<meta property=\"og:title\" content=\"Les nouvelles en entier - Biscottes Litt\u00e9raires\" \/>\n<meta property=\"og:description\" content=\"Les nouvelles en entier C&rsquo;est votre rubrique qui vous permet d&rsquo;avoir en un seul article tous les \u00e9pisodes d&rsquo;une nouvelle publi\u00e9e sur le blog.\" \/>\n<meta property=\"og:url\" content=\"https:\/\/biscotteslitteraires.com\/2021\/les-nouvelles-en-entier\/\" \/>\n<meta property=\"og:site_name\" content=\"Biscottes Litt\u00e9raires\" \/>\n<meta property=\"article:publisher\" content=\"https:\/\/facebook.com\/biscotteslitterairesbenin\" \/>\n<meta property=\"article:modified_time\" content=\"2021-08-26T09:00:40+00:00\" \/>\n<meta property=\"og:image\" content=\"https:\/\/biscotteslitteraires.com\/2021\/wp-content\/uploads\/2021\/08\/golden-791072_19201.jpg\" \/>\n\t<meta property=\"og:image:width\" content=\"1920\" \/>\n\t<meta property=\"og:image:height\" content=\"1280\" \/>\n\t<meta property=\"og:image:type\" content=\"image\/jpeg\" \/>\n<meta name=\"twitter:card\" content=\"summary\" \/>\n<script type=\"application\/ld+json\" class=\"yoast-schema-graph\">{\"@context\":\"https:\/\/schema.org\",\"@graph\":[{\"@type\":\"Organization\",\"@id\":\"https:\/\/biscotteslitteraires.com\/2021\/#organization\",\"name\":\"Biscottes Litt\u00e9raires\",\"url\":\"https:\/\/biscotteslitteraires.com\/2021\/\",\"sameAs\":[\"https:\/\/facebook.com\/biscotteslitterairesbenin\"],\"logo\":{\"@type\":\"ImageObject\",\"inLanguage\":\"fr-FR\",\"@id\":\"https:\/\/biscotteslitteraires.com\/2021\/#\/schema\/logo\/image\/\",\"url\":\"https:\/\/biscotteslitteraires.com\/2021\/wp-content\/uploads\/2018\/11\/cropped-LOGO-BL-e1630101307137.jpg\",\"contentUrl\":\"https:\/\/biscotteslitteraires.com\/2021\/wp-content\/uploads\/2018\/11\/cropped-LOGO-BL-e1630101307137.jpg\",\"width\":960,\"height\":960,\"caption\":\"Biscottes Litt\u00e9raires\"},\"image\":{\"@id\":\"https:\/\/biscotteslitteraires.com\/2021\/#\/schema\/logo\/image\/\"}},{\"@type\":\"WebSite\",\"@id\":\"https:\/\/biscotteslitteraires.com\/2021\/#website\",\"url\":\"https:\/\/biscotteslitteraires.com\/2021\/\",\"name\":\"Biscottes Litt\u00e9raires\",\"description\":\"Ici nous voyagerons dans les lignes, explorerons les interlignes.\",\"publisher\":{\"@id\":\"https:\/\/biscotteslitteraires.com\/2021\/#organization\"},\"potentialAction\":[{\"@type\":\"SearchAction\",\"target\":{\"@type\":\"EntryPoint\",\"urlTemplate\":\"https:\/\/biscotteslitteraires.com\/2021\/?s={search_term_string}\"},\"query-input\":\"required name=search_term_string\"}],\"inLanguage\":\"fr-FR\"},{\"@type\":\"ImageObject\",\"inLanguage\":\"fr-FR\",\"@id\":\"https:\/\/biscotteslitteraires.com\/2021\/les-nouvelles-en-entier\/#primaryimage\",\"url\":\"https:\/\/biscotteslitteraires.com\/2021\/wp-content\/uploads\/2021\/08\/golden-791072_19201.jpg\",\"contentUrl\":\"https:\/\/biscotteslitteraires.com\/2021\/wp-content\/uploads\/2021\/08\/golden-791072_19201.jpg\",\"width\":1920,\"height\":1280},{\"@type\":\"WebPage\",\"@id\":\"https:\/\/biscotteslitteraires.com\/2021\/les-nouvelles-en-entier\/#webpage\",\"url\":\"https:\/\/biscotteslitteraires.com\/2021\/les-nouvelles-en-entier\/\",\"name\":\"Les nouvelles en entier - Biscottes Litt\u00e9raires\",\"isPartOf\":{\"@id\":\"https:\/\/biscotteslitteraires.com\/2021\/#website\"},\"primaryImageOfPage\":{\"@id\":\"https:\/\/biscotteslitteraires.com\/2021\/les-nouvelles-en-entier\/#primaryimage\"},\"datePublished\":\"2018-02-28T11:58:43+00:00\",\"dateModified\":\"2021-08-26T09:00:40+00:00\",\"breadcrumb\":{\"@id\":\"https:\/\/biscotteslitteraires.com\/2021\/les-nouvelles-en-entier\/#breadcrumb\"},\"inLanguage\":\"fr-FR\",\"potentialAction\":[{\"@type\":\"ReadAction\",\"target\":[\"https:\/\/biscotteslitteraires.com\/2021\/les-nouvelles-en-entier\/\"]}]},{\"@type\":\"BreadcrumbList\",\"@id\":\"https:\/\/biscotteslitteraires.com\/2021\/les-nouvelles-en-entier\/#breadcrumb\",\"itemListElement\":[{\"@type\":\"ListItem\",\"position\":1,\"name\":\"Accueil\",\"item\":\"https:\/\/biscotteslitteraires.com\/2021\/\"},{\"@type\":\"ListItem\",\"position\":2,\"name\":\"Les nouvelles en entier\"}]}]}<\/script>\n<!-- \/ Yoast SEO plugin. -->","yoast_head_json":{"title":"Les nouvelles en entier - Biscottes Litt\u00e9raires","robots":{"index":"index","follow":"follow","max-snippet":"max-snippet:-1","max-image-preview":"max-image-preview:large","max-video-preview":"max-video-preview:-1"},"canonical":"https:\/\/biscotteslitteraires.com\/2021\/les-nouvelles-en-entier\/","og_locale":"fr_FR","og_type":"article","og_title":"Les nouvelles en entier - Biscottes Litt\u00e9raires","og_description":"Les nouvelles en entier C&rsquo;est votre rubrique qui vous permet d&rsquo;avoir en un seul article tous les \u00e9pisodes d&rsquo;une nouvelle publi\u00e9e sur le blog.","og_url":"https:\/\/biscotteslitteraires.com\/2021\/les-nouvelles-en-entier\/","og_site_name":"Biscottes Litt\u00e9raires","article_publisher":"https:\/\/facebook.com\/biscotteslitterairesbenin","article_modified_time":"2021-08-26T09:00:40+00:00","og_image":[{"width":1920,"height":1280,"url":"https:\/\/biscotteslitteraires.com\/2021\/wp-content\/uploads\/2021\/08\/golden-791072_19201.jpg","type":"image\/jpeg"}],"twitter_card":"summary","schema":{"@context":"https:\/\/schema.org","@graph":[{"@type":"Organization","@id":"https:\/\/biscotteslitteraires.com\/2021\/#organization","name":"Biscottes Litt\u00e9raires","url":"https:\/\/biscotteslitteraires.com\/2021\/","sameAs":["https:\/\/facebook.com\/biscotteslitterairesbenin"],"logo":{"@type":"ImageObject","inLanguage":"fr-FR","@id":"https:\/\/biscotteslitteraires.com\/2021\/#\/schema\/logo\/image\/","url":"https:\/\/biscotteslitteraires.com\/2021\/wp-content\/uploads\/2018\/11\/cropped-LOGO-BL-e1630101307137.jpg","contentUrl":"https:\/\/biscotteslitteraires.com\/2021\/wp-content\/uploads\/2018\/11\/cropped-LOGO-BL-e1630101307137.jpg","width":960,"height":960,"caption":"Biscottes Litt\u00e9raires"},"image":{"@id":"https:\/\/biscotteslitteraires.com\/2021\/#\/schema\/logo\/image\/"}},{"@type":"WebSite","@id":"https:\/\/biscotteslitteraires.com\/2021\/#website","url":"https:\/\/biscotteslitteraires.com\/2021\/","name":"Biscottes Litt\u00e9raires","description":"Ici nous voyagerons dans les lignes, explorerons les interlignes.","publisher":{"@id":"https:\/\/biscotteslitteraires.com\/2021\/#organization"},"potentialAction":[{"@type":"SearchAction","target":{"@type":"EntryPoint","urlTemplate":"https:\/\/biscotteslitteraires.com\/2021\/?s={search_term_string}"},"query-input":"required name=search_term_string"}],"inLanguage":"fr-FR"},{"@type":"ImageObject","inLanguage":"fr-FR","@id":"https:\/\/biscotteslitteraires.com\/2021\/les-nouvelles-en-entier\/#primaryimage","url":"https:\/\/biscotteslitteraires.com\/2021\/wp-content\/uploads\/2021\/08\/golden-791072_19201.jpg","contentUrl":"https:\/\/biscotteslitteraires.com\/2021\/wp-content\/uploads\/2021\/08\/golden-791072_19201.jpg","width":1920,"height":1280},{"@type":"WebPage","@id":"https:\/\/biscotteslitteraires.com\/2021\/les-nouvelles-en-entier\/#webpage","url":"https:\/\/biscotteslitteraires.com\/2021\/les-nouvelles-en-entier\/","name":"Les nouvelles en entier - Biscottes Litt\u00e9raires","isPartOf":{"@id":"https:\/\/biscotteslitteraires.com\/2021\/#website"},"primaryImageOfPage":{"@id":"https:\/\/biscotteslitteraires.com\/2021\/les-nouvelles-en-entier\/#primaryimage"},"datePublished":"2018-02-28T11:58:43+00:00","dateModified":"2021-08-26T09:00:40+00:00","breadcrumb":{"@id":"https:\/\/biscotteslitteraires.com\/2021\/les-nouvelles-en-entier\/#breadcrumb"},"inLanguage":"fr-FR","potentialAction":[{"@type":"ReadAction","target":["https:\/\/biscotteslitteraires.com\/2021\/les-nouvelles-en-entier\/"]}]},{"@type":"BreadcrumbList","@id":"https:\/\/biscotteslitteraires.com\/2021\/les-nouvelles-en-entier\/#breadcrumb","itemListElement":[{"@type":"ListItem","position":1,"name":"Accueil","item":"https:\/\/biscotteslitteraires.com\/2021\/"},{"@type":"ListItem","position":2,"name":"Les nouvelles en entier"}]}]}},"_links":{"self":[{"href":"https:\/\/biscotteslitteraires.com\/2021\/wp-json\/wp\/v2\/pages\/2572"}],"collection":[{"href":"https:\/\/biscotteslitteraires.com\/2021\/wp-json\/wp\/v2\/pages"}],"about":[{"href":"https:\/\/biscotteslitteraires.com\/2021\/wp-json\/wp\/v2\/types\/page"}],"author":[{"embeddable":true,"href":"https:\/\/biscotteslitteraires.com\/2021\/wp-json\/wp\/v2\/users\/1"}],"replies":[{"embeddable":true,"href":"https:\/\/biscotteslitteraires.com\/2021\/wp-json\/wp\/v2\/comments?post=2572"}],"version-history":[{"count":51,"href":"https:\/\/biscotteslitteraires.com\/2021\/wp-json\/wp\/v2\/pages\/2572\/revisions"}],"predecessor-version":[{"id":10002,"href":"https:\/\/biscotteslitteraires.com\/2021\/wp-json\/wp\/v2\/pages\/2572\/revisions\/10002"}],"wp:featuredmedia":[{"embeddable":true,"href":"https:\/\/biscotteslitteraires.com\/2021\/wp-json\/wp\/v2\/media\/9937"}],"wp:attachment":[{"href":"https:\/\/biscotteslitteraires.com\/2021\/wp-json\/wp\/v2\/media?parent=2572"}],"curies":[{"name":"wp","href":"https:\/\/api.w.org\/{rel}","templated":true}]}}