{"id":265,"date":"2017-08-01T05:52:44","date_gmt":"2017-08-01T05:52:44","guid":{"rendered":"http:\/\/biscotteslitteraires.com\/2021\/?page_id=265"},"modified":"2021-08-27T23:07:37","modified_gmt":"2021-08-27T23:07:37","slug":"autour-dune-oeuvre","status":"publish","type":"page","link":"https:\/\/biscotteslitteraires.com\/2021\/autour-dune-oeuvre\/","title":{"rendered":"Autour d&rsquo;une \u0153uvre"},"content":{"rendered":"\t\t<div data-elementor-type=\"wp-page\" data-elementor-id=\"265\" class=\"elementor elementor-265\" data-elementor-settings=\"[]\">\n\t\t\t\t\t\t<div class=\"elementor-inner\">\n\t\t\t\t\t\t\t<div class=\"elementor-section-wrap\">\n\t\t\t\t\t\t\t<section class=\"elementor-section elementor-top-section elementor-element elementor-element-6a2d82b elementor-section-boxed elementor-section-height-default elementor-section-height-default\" data-id=\"6a2d82b\" data-element_type=\"section\" data-settings=\"{&quot;background_background&quot;:&quot;classic&quot;}\">\n\t\t\t\t\t\t<div class=\"elementor-container elementor-column-gap-default\">\n\t\t\t\t\t\t\t<div class=\"elementor-row\">\n\t\t\t\t\t<div class=\"elementor-column elementor-col-100 elementor-top-column elementor-element elementor-element-da01204\" data-id=\"da01204\" data-element_type=\"column\">\n\t\t\t<div class=\"elementor-column-wrap elementor-element-populated\">\n\t\t\t\t\t\t\t<div class=\"elementor-widget-wrap\">\n\t\t\t\t\t\t<div class=\"elementor-element elementor-element-cc2aa2e elementor-widget elementor-widget-text-editor\" data-id=\"cc2aa2e\" data-element_type=\"widget\" data-widget_type=\"text-editor.default\">\n\t\t\t\t<div class=\"elementor-widget-container\">\n\t\t\t\t\t\t\t\t<div class=\"elementor-text-editor elementor-clearfix\">\n\t\t\t\t<h1 style=\"text-align: center;\"><br \/><b><strong><a href=\"https:\/\/biscotteslitteraires.com\/2021\/wp-admin\/post.php?post=265&amp;action=edit\" aria-label=\"\u00ab\u00a0Autour d\u2019une \u0153uvre\u00a0\u00bb (Modifier)\">Autour d\u2019une \u0153uvre<\/a><\/strong><\/b><\/h1><p style=\"text-align: center;\">Cette page est d\u00e9di\u00e9e \u00e0 l&rsquo;\u00e9tude approfondie d&rsquo;oeuvres litt\u00e9raires.<\/p>\t\t\t\t\t<\/div>\n\t\t\t\t\t\t<\/div>\n\t\t\t\t<\/div>\n\t\t\t\t\t\t<\/div>\n\t\t\t\t\t<\/div>\n\t\t<\/div>\n\t\t\t\t\t\t\t\t<\/div>\n\t\t\t\t\t<\/div>\n\t\t<\/section>\n\t\t\t\t<section class=\"elementor-section elementor-top-section elementor-element elementor-element-25d286f5 elementor-section-boxed elementor-section-height-default elementor-section-height-default\" data-id=\"25d286f5\" data-element_type=\"section\">\n\t\t\t\t\t\t<div class=\"elementor-container elementor-column-gap-default\">\n\t\t\t\t\t\t\t<div class=\"elementor-row\">\n\t\t\t\t\t<div class=\"elementor-column elementor-col-100 elementor-top-column elementor-element elementor-element-657a5835\" data-id=\"657a5835\" data-element_type=\"column\">\n\t\t\t<div class=\"elementor-column-wrap elementor-element-populated\">\n\t\t\t\t\t\t\t<div class=\"elementor-widget-wrap\">\n\t\t\t\t\t\t<div class=\"elementor-element elementor-element-28e78455 elementor-widget elementor-widget-shortcode\" data-id=\"28e78455\" data-element_type=\"widget\" data-widget_type=\"shortcode.default\">\n\t\t\t\t<div class=\"elementor-widget-container\">\n\t\t\t\t\t<div class=\"elementor-shortcode\"><style type=\"text\/css\">#post-grid-5856 .element_0{display: block;font-size: 21px;line-height: normal;padding: 5px 10px;text-align: left;}#post-grid-5856 .element_1630020739064{font-size:12px;display:block;padding:10px;}#post-grid-5856 .element_1{display: block;font-size: 12px;padding: 5px 10px;text-align: left;}#post-grid-5856 .element_2{display: block;font-size: 15px;font-weight: bold;padding: 0 10px;text-align: right;}#post-grid-5856 .element_0:hover{}#post-grid-5856 .element_1630020739064:hover{}#post-grid-5856 .element_1:hover{}#post-grid-5856 .element_2:hover{}#post-grid-5856 .item{\n\t\t\tbackground:#fff;\n\t\n\t\t\t}<\/style><style type=\"text\/css\">\/*Write your CSS code here*\/<\/style><style type=\"text\/css\">#post-grid-5856 {\n\t\t\tpadding:10px;\n\t\t\tbackground: #fff url() repeat scroll 0 0;\n\t\t}#post-grid-5856 .item .layer-media{overflow: hidden;\n\t\t}@media only screen and (min-width: 1024px ) {#post-grid-5856 .item .layer-media{max-height:206px;}}\n\t\t\n\t\t@media only screen and ( min-width: 768px ) and ( max-width: 1023px ) {#post-grid-5856 .item .layer-media{height:auto}}\n\t\t\n\t\t@media only screen and ( min-width: 320px ) and ( max-width: 767px ) {#post-grid-5856 .item .layer-media{height:auto}}#post-grid-5856 .item{\n\t\tmargin:31%;}@media only screen and (min-width: 1024px ) {#post-grid-5856 .item{height:auto;}}\n\t\n\t@media only screen and ( min-width: 768px ) and ( max-width: 1023px ) {#post-grid-5856 .item{height:auto}}\n\t\n\t@media only screen and ( min-width: 320px ) and ( max-width: 767px ) {#post-grid-5856 .item{height:auto}}\n\t@media only screen and (min-width: 1024px ) {\n\t#post-grid-5856 .item{width:31%}\n\t\n\t}\n\t\n\t@media only screen and ( min-width: 768px ) and ( max-width: 1023px ) {\n\t#post-grid-5856 .item{width:45%}\n\t}\n\t\n\t@media only screen and ( min-width: 320px ) and ( max-width: 767px ) {\n\t#post-grid-5856 .item{width:90%}\n\t}<\/style><div id=\"post-grid-5856\" class=\"post-grid grid\"><div class=\"grid-nav-top\"><\/div><div class=\"grid-items \" id=\"\"><div  class=\"item mix skin even flat lupourvous \"><div class=\"layer-media\"><a href=\"https:\/\/biscotteslitteraires.com\/2021\/litterature-africaine-tchad-adama-ramou-biscottes-litteraires\/\"><img alt=\"Le ciel des d\u00e9sillusions de Adama Ramou, Les \u00e9ditions Plumes d'Afrique, 2024\" src=\"https:\/\/biscotteslitteraires.com\/2021\/wp-content\/uploads\/2026\/05\/e87c9ed1-66da-4300-abe8-0bfe19bb8590-213x300.jpg\" \/><\/a><\/div><div class=\"layer-content\"><div class=\"element element_0 title\"  >Le Ciel des d\u00e9sillusions, Adama Ramou: lu par Julien Jean-Roger<\/div><div class=\"element element_1630020739064 post_date\"  >4 mai 2026<\/div><div class=\"element element_1 excerpt\"  >La litt\u00e9rature tchadienne est une grande inconnue (peut-\u00eatre pour les Tchadiens eux-m\u00eames, me souffle un correspondant local&#8230;). Osons le dire<\/div><a target=\"_parent\" class=\"element element_2 read_more\"  href=\"https:\/\/biscotteslitteraires.com\/2021\/litterature-africaine-tchad-adama-ramou-biscottes-litteraires\/\">Lire la suite<\/a><\/div><\/div><div  class=\"item mix skin odd flat chronique-du-menu lupourvous \"><div class=\"layer-media\"><a href=\"https:\/\/biscotteslitteraires.com\/2021\/chrys-amegan-oxytocine\/\"><img alt=\"\" src=\"https:\/\/biscotteslitteraires.com\/2021\/wp-content\/uploads\/2026\/05\/1002117333-1-300x225.jpg\" \/><\/a><\/div><div class=\"layer-content\"><div class=\"element element_0 title\"  >Oxytocine de Chrys Am\u00e8gan<\/div><div class=\"element element_1630020739064 post_date\"  >1 mai 2026<\/div><div class=\"element element_1 excerpt\"  >Cr\u00e9er, soigner. Il est temps de \u00ab\u00a0r\u00e9parer l'existence\u00a0\u00bb. L'omnipr\u00e9sence du vocabulaire du corps, d'emprunts au champ lexical de la m\u00e9decine,<\/div><a target=\"_parent\" class=\"element element_2 read_more\"  href=\"https:\/\/biscotteslitteraires.com\/2021\/chrys-amegan-oxytocine\/\">Lire la suite<\/a><\/div><\/div><div  class=\"item mix skin even flat lupourvous \"><div class=\"layer-media\"><a href=\"https:\/\/biscotteslitteraires.com\/2021\/le-cavalier-et-son-ombre-de-boubacar-boris-diop-presente-par-charles-gueboguo\/\"><img alt=\"\" src=\"https:\/\/biscotteslitteraires.com\/2021\/wp-content\/uploads\/2026\/04\/le-cavalier-et-son-ombre-267x300.jpg\" \/><\/a><\/div><div class=\"layer-content\"><div class=\"element element_0 title\"  >\u00ab\u00a0Le Cavalier et son ombre\u00a0\u00bb de Boubacar Boris Diop pr\u00e9sent\u00e9 par Charles Gueboguo<\/div><div class=\"element element_1630020739064 post_date\"  >17 avril 2026<\/div><div class=\"element element_1 excerpt\"  >Le Cavalier et son ombre, par Boubacar Boris Diop. La nouvelle \u00e9dition rachet\u00e9e par les \u00c9ditions Flore Zoa S\u00e0rl, pour<\/div><a target=\"_parent\" class=\"element element_2 read_more\"  href=\"https:\/\/biscotteslitteraires.com\/2021\/le-cavalier-et-son-ombre-de-boubacar-boris-diop-presente-par-charles-gueboguo\/\">Lire la suite<\/a><\/div><\/div><div  class=\"item mix skin odd flat lupourvous \"><div class=\"layer-media\"><a href=\"https:\/\/biscotteslitteraires.com\/2021\/boube-hama-mes-trois-vagues-a-bonds-dages-lu-par-julien-jean-roger\/\"><img alt=\"\" src=\"https:\/\/biscotteslitteraires.com\/2021\/wp-content\/uploads\/2026\/04\/boube-hama-300x225.jpg\" \/><\/a><\/div><div class=\"layer-content\"><div class=\"element element_0 title\"  >Boub\u00e9 Hama, \u00ab\u00a0Mes Trois Vagues \u00e0 bonds d\u2019\u00e2ges\u00a0\u00bb lu par Julien Jean-Roger<\/div><div class=\"element element_1630020739064 post_date\"  >9 avril 2026<\/div><div class=\"element element_1 excerpt\"  >A l\u2019occasion du March\u00e9 du Livre et des Arts du Niger (MALAN), Julien Jean-Roger invite \u00e0 d\u00e9couvrir \"Mes Trois Vagues<\/div><a target=\"_parent\" class=\"element element_2 read_more\"  href=\"https:\/\/biscotteslitteraires.com\/2021\/boube-hama-mes-trois-vagues-a-bonds-dages-lu-par-julien-jean-roger\/\">Lire la suite<\/a><\/div><\/div><div  class=\"item mix skin even flat lupourvous \"><div class=\"layer-media\"><a href=\"https:\/\/biscotteslitteraires.com\/2021\/une-ville-comme-on-nen-ecrit-pas-assez\/\"><img alt=\"\" src=\"https:\/\/biscotteslitteraires.com\/2021\/wp-content\/uploads\/2026\/03\/81CnZ1kVjQL._AC_UF10001000_QL80_FMwebp_0-210x300.webp\" \/><\/a><\/div><div class=\"layer-content\"><div class=\"element element_0 title\"  >Une ville comme on n&rsquo;en \u00e9crit pas assez<\/div><div class=\"element element_1630020739064 post_date\"  >23 mars 2026<\/div><div class=\"element element_1 excerpt\"  >Avec Mbalmayo, Terre de Gr\u00e2ces, publi\u00e9 aux \u00c9ditions Pers\u00e9e en 2018, Marthe-C\u00e9cile Micca, auteure originaire de Mbalmayo dans la r\u00e9gion<\/div><a target=\"_parent\" class=\"element element_2 read_more\"  href=\"https:\/\/biscotteslitteraires.com\/2021\/une-ville-comme-on-nen-ecrit-pas-assez\/\">Lire la suite<\/a><\/div><\/div><div  class=\"item mix skin odd flat lupourvous \"><div class=\"layer-media\"><a href=\"https:\/\/biscotteslitteraires.com\/2021\/safia-un-conte-de-fees-republicain-de-safia-otokore-ce-que-le-couteau-na-pas-pu-taire\/\"><img alt=\"\" src=\"https:\/\/biscotteslitteraires.com\/2021\/wp-content\/uploads\/2026\/03\/Screenshot_20260228-120712-204x300.jpg\" \/><\/a><\/div><div class=\"layer-content\"><div class=\"element element_0 title\"  >Safia, un conte de f\u00e9es r\u00e9publicain de Safia Otokor\u00e9 : Ce que le couteau n\u2019a pas pu taire !<\/div><div class=\"element element_1630020739064 post_date\"  >8 mars 2026<\/div><div class=\"element element_1 excerpt\"  >Safia, un conte de f\u00e9es r\u00e9publicain, co-\u00e9crit par Safia Otokor\u00e9 et la journaliste Pauline Gu\u00e9na, a paru chez Robert Laffont<\/div><a target=\"_parent\" class=\"element element_2 read_more\"  href=\"https:\/\/biscotteslitteraires.com\/2021\/safia-un-conte-de-fees-republicain-de-safia-otokore-ce-que-le-couteau-na-pas-pu-taire\/\">Lire la suite<\/a><\/div><\/div><div  class=\"item mix skin even flat lupourvous \"><div class=\"layer-media\"><a href=\"https:\/\/biscotteslitteraires.com\/2021\/le-silence-des-hommes-de-jean-pierre-batoum-quand-les-hommes-se-taisent-les-femmes-savent\/\"><img alt=\"\" src=\"https:\/\/biscotteslitteraires.com\/2021\/wp-content\/uploads\/2026\/02\/batoum-186x300.jpg\" \/><\/a><\/div><div class=\"layer-content\"><div class=\"element element_0 title\"  >Le silence des hommes de Jean-Pierre Batoum : Quand les hommes se taisent, les femmes savent !<\/div><div class=\"element element_1630020739064 post_date\"  >27 f\u00e9vrier 2026<\/div><div class=\"element element_1 excerpt\"  >Le silence des hommes de Monsieur l\u2019abb\u00e9 Jean-Pierre No\u00ebl Batoum para\u00eetra au premier trimestre 2026 aux \u00e9ditions Tila Africa. Le<\/div><a target=\"_parent\" class=\"element element_2 read_more\"  href=\"https:\/\/biscotteslitteraires.com\/2021\/le-silence-des-hommes-de-jean-pierre-batoum-quand-les-hommes-se-taisent-les-femmes-savent\/\">Lire la suite<\/a><\/div><\/div><div  class=\"item mix skin odd flat lupourvous \"><div class=\"layer-media\"><a href=\"https:\/\/biscotteslitteraires.com\/2021\/revolution-de-jean-pierre-noel-batoum-une-lecture-de-baltazar-atangana-dit-nkul-beti\/\"><img alt=\"\" src=\"https:\/\/biscotteslitteraires.com\/2021\/wp-content\/uploads\/2025\/12\/FB_IMG_1765184265378-200x300.jpg\" \/><\/a><\/div><div class=\"layer-content\"><div class=\"element element_0 title\"  >R\u00e9volution ! de Jean-Pierre No\u00ebl Batoum, une lecture de Baltazar ATANGANA dit Nkul Beti<\/div><div class=\"element element_1630020739064 post_date\"  >15 d\u00e9cembre 2025<\/div><div class=\"element element_1 excerpt\"  >&nbsp; Vers une n\u00e9o-dialectique culturo-citoyenne&nbsp;: penser la r\u00e9volution intime et collective Le sursaut attendu ne se loge pas dans les<\/div><a target=\"_parent\" class=\"element element_2 read_more\"  href=\"https:\/\/biscotteslitteraires.com\/2021\/revolution-de-jean-pierre-noel-batoum-une-lecture-de-baltazar-atangana-dit-nkul-beti\/\">Lire la suite<\/a><\/div><\/div><div  class=\"item mix skin even flat lupourvous \"><div class=\"layer-media\"><a href=\"https:\/\/biscotteslitteraires.com\/2021\/his-only-wife-de-peace-adzo-medie-une-reponse-a-stay-with-me-de-adebayo-ayobami\/\"><img alt=\"\" src=\"https:\/\/biscotteslitteraires.com\/2021\/wp-content\/uploads\/2025\/07\/9bd75d2d-fe0b-4d79-b0fa-b3f35cc2d776-300x297.jpg\" \/><\/a><\/div><div class=\"layer-content\"><div class=\"element element_0 title\"  >His only wife de Peace Adzo Medie, une r\u00e9ponse \u00e0 Stay with me de Adebayo Ayobami ?<\/div><div class=\"element element_1630020739064 post_date\"  >30 juillet 2025<\/div><div class=\"element element_1 excerpt\"  >C\u2019est une chose bien \u00e9trange que de lire un livre seulement pour le jauger, pour le comparer \u00e0 un autre<\/div><a target=\"_parent\" class=\"element element_2 read_more\"  href=\"https:\/\/biscotteslitteraires.com\/2021\/his-only-wife-de-peace-adzo-medie-une-reponse-a-stay-with-me-de-adebayo-ayobami\/\">Lire la suite<\/a><\/div><\/div><\/div><div class=\"grid-nav-bottom\"><div class=\"pagination dark\"><div class=\"paginate\"><span aria-current=\"page\" class=\"page-numbers current\">1<\/span>\n<a class=\"page-numbers\" href=\"https:\/\/biscotteslitteraires.com\/2021\/wp-json\/wp\/v2\/pages\/265\/page\/2\/\">2<\/a>\n<a class=\"page-numbers\" href=\"https:\/\/biscotteslitteraires.com\/2021\/wp-json\/wp\/v2\/pages\/265\/page\/3\/\">3<\/a>\n<span class=\"page-numbers dots\">\u2026<\/span>\n<a class=\"page-numbers\" href=\"https:\/\/biscotteslitteraires.com\/2021\/wp-json\/wp\/v2\/pages\/265\/page\/23\/\">23<\/a>\n<a class=\"next page-numbers\" href=\"https:\/\/biscotteslitteraires.com\/2021\/wp-json\/wp\/v2\/pages\/265\/page\/2\/\">Suivant \u00bb<\/a><\/div ><\/div ><\/div><script>\n\t\tjQuery(document).ready(function($)\n\t\t{\n\t\t\t$(\"#post-grid-5856 .layer-media .gallery\").owlCarousel({\n\t\t\t\t\n\t\t\t\titems : 1,\n\n\t\t\t\tnavText : [\"\",\"\"],\n\t\t\t\tautoplay: true,\n\t\t\t\tloop: true,\n\t\t\t\tautoHeight : true,\t\n\t\t\t\tnav : false,\t\n\t\t\t\tdots : false,\t\t\t\t\t\n\t\t\t\t\t\t\t\t\t\t\t\n\t\t\t\t\t\t\t\t\n\t\t\t\t});\n\t\t\n\t\t});<\/script><\/div><\/div>\n\t\t\t\t<\/div>\n\t\t\t\t<\/div>\n\t\t\t\t\t\t<\/div>\n\t\t\t\t\t<\/div>\n\t\t<\/div>\n\t\t\t\t\t\t\t\t<\/div>\n\t\t\t\t\t<\/div>\n\t\t<\/section>\n\t\t\t\t\t\t<\/div>\n\t\t\t\t\t\t<\/div>\n\t\t\t\t\t<\/div>\n\t\t","protected":false},"excerpt":{"rendered":"<p>Autour d\u2019une \u0153uvre Cette page est d\u00e9di\u00e9e \u00e0 l&rsquo;\u00e9tude approfondie d&rsquo;oeuvres litt\u00e9raires.<\/p>\n","protected":false},"author":1,"featured_media":10642,"parent":0,"menu_order":0,"comment_status":"closed","ping_status":"closed","template":"","meta":[],"yoast_head":"<!-- This site is optimized with the Yoast SEO plugin v19.0 - https:\/\/yoast.com\/wordpress\/plugins\/seo\/ -->\n<title>Autour d&#039;une \u0153uvre - Biscottes Litt\u00e9raires<\/title>\n<meta name=\"robots\" content=\"index, follow, max-snippet:-1, max-image-preview:large, max-video-preview:-1\" \/>\n<link rel=\"canonical\" href=\"https:\/\/biscotteslitteraires.com\/2021\/autour-dune-oeuvre\/\" \/>\n<meta property=\"og:locale\" content=\"fr_FR\" \/>\n<meta property=\"og:type\" content=\"article\" \/>\n<meta property=\"og:title\" content=\"Autour d&#039;une \u0153uvre - Biscottes Litt\u00e9raires\" \/>\n<meta property=\"og:description\" content=\"Autour d\u2019une \u0153uvre Cette page est d\u00e9di\u00e9e \u00e0 l&rsquo;\u00e9tude approfondie d&rsquo;oeuvres litt\u00e9raires.\" \/>\n<meta property=\"og:url\" content=\"https:\/\/biscotteslitteraires.com\/2021\/autour-dune-oeuvre\/\" \/>\n<meta property=\"og:site_name\" content=\"Biscottes Litt\u00e9raires\" \/>\n<meta property=\"article:publisher\" content=\"https:\/\/facebook.com\/biscotteslitterairesbenin\" \/>\n<meta property=\"article:modified_time\" content=\"2021-08-27T23:07:37+00:00\" \/>\n<meta property=\"og:image\" content=\"https:\/\/biscotteslitteraires.com\/2021\/wp-content\/uploads\/2021\/08\/coffee-2390136_1920-1-e1630105641769.jpg\" \/>\n\t<meta property=\"og:image:width\" content=\"1920\" \/>\n\t<meta property=\"og:image:height\" content=\"806\" \/>\n\t<meta property=\"og:image:type\" content=\"image\/jpeg\" \/>\n<meta name=\"twitter:card\" content=\"summary\" \/>\n<script type=\"application\/ld+json\" class=\"yoast-schema-graph\">{\"@context\":\"https:\/\/schema.org\",\"@graph\":[{\"@type\":\"Organization\",\"@id\":\"https:\/\/biscotteslitteraires.com\/2021\/#organization\",\"name\":\"Biscottes Litt\u00e9raires\",\"url\":\"https:\/\/biscotteslitteraires.com\/2021\/\",\"sameAs\":[\"https:\/\/facebook.com\/biscotteslitterairesbenin\"],\"logo\":{\"@type\":\"ImageObject\",\"inLanguage\":\"fr-FR\",\"@id\":\"https:\/\/biscotteslitteraires.com\/2021\/#\/schema\/logo\/image\/\",\"url\":\"https:\/\/biscotteslitteraires.com\/2021\/wp-content\/uploads\/2018\/11\/cropped-LOGO-BL-e1630101307137.jpg\",\"contentUrl\":\"https:\/\/biscotteslitteraires.com\/2021\/wp-content\/uploads\/2018\/11\/cropped-LOGO-BL-e1630101307137.jpg\",\"width\":960,\"height\":960,\"caption\":\"Biscottes Litt\u00e9raires\"},\"image\":{\"@id\":\"https:\/\/biscotteslitteraires.com\/2021\/#\/schema\/logo\/image\/\"}},{\"@type\":\"WebSite\",\"@id\":\"https:\/\/biscotteslitteraires.com\/2021\/#website\",\"url\":\"https:\/\/biscotteslitteraires.com\/2021\/\",\"name\":\"Biscottes Litt\u00e9raires\",\"description\":\"Ici nous voyagerons dans les lignes, explorerons les interlignes.\",\"publisher\":{\"@id\":\"https:\/\/biscotteslitteraires.com\/2021\/#organization\"},\"potentialAction\":[{\"@type\":\"SearchAction\",\"target\":{\"@type\":\"EntryPoint\",\"urlTemplate\":\"https:\/\/biscotteslitteraires.com\/2021\/?s={search_term_string}\"},\"query-input\":\"required name=search_term_string\"}],\"inLanguage\":\"fr-FR\"},{\"@type\":\"ImageObject\",\"inLanguage\":\"fr-FR\",\"@id\":\"https:\/\/biscotteslitteraires.com\/2021\/autour-dune-oeuvre\/#primaryimage\",\"url\":\"https:\/\/biscotteslitteraires.com\/2021\/wp-content\/uploads\/2021\/08\/coffee-2390136_1920-1-e1630105641769.jpg\",\"contentUrl\":\"https:\/\/biscotteslitteraires.com\/2021\/wp-content\/uploads\/2021\/08\/coffee-2390136_1920-1-e1630105641769.jpg\",\"width\":1920,\"height\":806},{\"@type\":\"WebPage\",\"@id\":\"https:\/\/biscotteslitteraires.com\/2021\/autour-dune-oeuvre\/#webpage\",\"url\":\"https:\/\/biscotteslitteraires.com\/2021\/autour-dune-oeuvre\/\",\"name\":\"Autour d'une \u0153uvre - Biscottes Litt\u00e9raires\",\"isPartOf\":{\"@id\":\"https:\/\/biscotteslitteraires.com\/2021\/#website\"},\"primaryImageOfPage\":{\"@id\":\"https:\/\/biscotteslitteraires.com\/2021\/autour-dune-oeuvre\/#primaryimage\"},\"datePublished\":\"2017-08-01T05:52:44+00:00\",\"dateModified\":\"2021-08-27T23:07:37+00:00\",\"breadcrumb\":{\"@id\":\"https:\/\/biscotteslitteraires.com\/2021\/autour-dune-oeuvre\/#breadcrumb\"},\"inLanguage\":\"fr-FR\",\"potentialAction\":[{\"@type\":\"ReadAction\",\"target\":[\"https:\/\/biscotteslitteraires.com\/2021\/autour-dune-oeuvre\/\"]}]},{\"@type\":\"BreadcrumbList\",\"@id\":\"https:\/\/biscotteslitteraires.com\/2021\/autour-dune-oeuvre\/#breadcrumb\",\"itemListElement\":[{\"@type\":\"ListItem\",\"position\":1,\"name\":\"Accueil\",\"item\":\"https:\/\/biscotteslitteraires.com\/2021\/\"},{\"@type\":\"ListItem\",\"position\":2,\"name\":\"Autour d&rsquo;une \u0153uvre\"}]}]}<\/script>\n<!-- \/ Yoast SEO plugin. -->","yoast_head_json":{"title":"Autour d'une \u0153uvre - Biscottes Litt\u00e9raires","robots":{"index":"index","follow":"follow","max-snippet":"max-snippet:-1","max-image-preview":"max-image-preview:large","max-video-preview":"max-video-preview:-1"},"canonical":"https:\/\/biscotteslitteraires.com\/2021\/autour-dune-oeuvre\/","og_locale":"fr_FR","og_type":"article","og_title":"Autour d'une \u0153uvre - Biscottes Litt\u00e9raires","og_description":"Autour d\u2019une \u0153uvre Cette page est d\u00e9di\u00e9e \u00e0 l&rsquo;\u00e9tude approfondie d&rsquo;oeuvres litt\u00e9raires.","og_url":"https:\/\/biscotteslitteraires.com\/2021\/autour-dune-oeuvre\/","og_site_name":"Biscottes Litt\u00e9raires","article_publisher":"https:\/\/facebook.com\/biscotteslitterairesbenin","article_modified_time":"2021-08-27T23:07:37+00:00","og_image":[{"width":1920,"height":806,"url":"https:\/\/biscotteslitteraires.com\/2021\/wp-content\/uploads\/2021\/08\/coffee-2390136_1920-1-e1630105641769.jpg","type":"image\/jpeg"}],"twitter_card":"summary","schema":{"@context":"https:\/\/schema.org","@graph":[{"@type":"Organization","@id":"https:\/\/biscotteslitteraires.com\/2021\/#organization","name":"Biscottes Litt\u00e9raires","url":"https:\/\/biscotteslitteraires.com\/2021\/","sameAs":["https:\/\/facebook.com\/biscotteslitterairesbenin"],"logo":{"@type":"ImageObject","inLanguage":"fr-FR","@id":"https:\/\/biscotteslitteraires.com\/2021\/#\/schema\/logo\/image\/","url":"https:\/\/biscotteslitteraires.com\/2021\/wp-content\/uploads\/2018\/11\/cropped-LOGO-BL-e1630101307137.jpg","contentUrl":"https:\/\/biscotteslitteraires.com\/2021\/wp-content\/uploads\/2018\/11\/cropped-LOGO-BL-e1630101307137.jpg","width":960,"height":960,"caption":"Biscottes Litt\u00e9raires"},"image":{"@id":"https:\/\/biscotteslitteraires.com\/2021\/#\/schema\/logo\/image\/"}},{"@type":"WebSite","@id":"https:\/\/biscotteslitteraires.com\/2021\/#website","url":"https:\/\/biscotteslitteraires.com\/2021\/","name":"Biscottes Litt\u00e9raires","description":"Ici nous voyagerons dans les lignes, explorerons les interlignes.","publisher":{"@id":"https:\/\/biscotteslitteraires.com\/2021\/#organization"},"potentialAction":[{"@type":"SearchAction","target":{"@type":"EntryPoint","urlTemplate":"https:\/\/biscotteslitteraires.com\/2021\/?s={search_term_string}"},"query-input":"required name=search_term_string"}],"inLanguage":"fr-FR"},{"@type":"ImageObject","inLanguage":"fr-FR","@id":"https:\/\/biscotteslitteraires.com\/2021\/autour-dune-oeuvre\/#primaryimage","url":"https:\/\/biscotteslitteraires.com\/2021\/wp-content\/uploads\/2021\/08\/coffee-2390136_1920-1-e1630105641769.jpg","contentUrl":"https:\/\/biscotteslitteraires.com\/2021\/wp-content\/uploads\/2021\/08\/coffee-2390136_1920-1-e1630105641769.jpg","width":1920,"height":806},{"@type":"WebPage","@id":"https:\/\/biscotteslitteraires.com\/2021\/autour-dune-oeuvre\/#webpage","url":"https:\/\/biscotteslitteraires.com\/2021\/autour-dune-oeuvre\/","name":"Autour d'une \u0153uvre - Biscottes Litt\u00e9raires","isPartOf":{"@id":"https:\/\/biscotteslitteraires.com\/2021\/#website"},"primaryImageOfPage":{"@id":"https:\/\/biscotteslitteraires.com\/2021\/autour-dune-oeuvre\/#primaryimage"},"datePublished":"2017-08-01T05:52:44+00:00","dateModified":"2021-08-27T23:07:37+00:00","breadcrumb":{"@id":"https:\/\/biscotteslitteraires.com\/2021\/autour-dune-oeuvre\/#breadcrumb"},"inLanguage":"fr-FR","potentialAction":[{"@type":"ReadAction","target":["https:\/\/biscotteslitteraires.com\/2021\/autour-dune-oeuvre\/"]}]},{"@type":"BreadcrumbList","@id":"https:\/\/biscotteslitteraires.com\/2021\/autour-dune-oeuvre\/#breadcrumb","itemListElement":[{"@type":"ListItem","position":1,"name":"Accueil","item":"https:\/\/biscotteslitteraires.com\/2021\/"},{"@type":"ListItem","position":2,"name":"Autour d&rsquo;une \u0153uvre"}]}]}},"_links":{"self":[{"href":"https:\/\/biscotteslitteraires.com\/2021\/wp-json\/wp\/v2\/pages\/265"}],"collection":[{"href":"https:\/\/biscotteslitteraires.com\/2021\/wp-json\/wp\/v2\/pages"}],"about":[{"href":"https:\/\/biscotteslitteraires.com\/2021\/wp-json\/wp\/v2\/types\/page"}],"author":[{"embeddable":true,"href":"https:\/\/biscotteslitteraires.com\/2021\/wp-json\/wp\/v2\/users\/1"}],"replies":[{"embeddable":true,"href":"https:\/\/biscotteslitteraires.com\/2021\/wp-json\/wp\/v2\/comments?post=265"}],"version-history":[{"count":15,"href":"https:\/\/biscotteslitteraires.com\/2021\/wp-json\/wp\/v2\/pages\/265\/revisions"}],"predecessor-version":[{"id":10640,"href":"https:\/\/biscotteslitteraires.com\/2021\/wp-json\/wp\/v2\/pages\/265\/revisions\/10640"}],"wp:featuredmedia":[{"embeddable":true,"href":"https:\/\/biscotteslitteraires.com\/2021\/wp-json\/wp\/v2\/media\/10642"}],"wp:attachment":[{"href":"https:\/\/biscotteslitteraires.com\/2021\/wp-json\/wp\/v2\/media?parent=265"}],"curies":[{"name":"wp","href":"https:\/\/api.w.org\/{rel}","templated":true}]}}